{"id":69,"date":"2022-07-22T14:43:15","date_gmt":"2022-07-22T12:43:15","guid":{"rendered":"https:\/\/shumik.net\/?page_id=69"},"modified":"2024-05-08T11:28:25","modified_gmt":"2024-05-08T09:28:25","slug":"design-webu","status":"publish","type":"page","link":"https:\/\/shumik.net\/index.php\/design-webu\/","title":{"rendered":""},"content":{"rendered":"\n<div style=\"height:100px\" aria-hidden=\"true\" class=\"wp-block-spacer\"><\/div>\n\n\n\n<div class=\"wp-block-columns is-layout-flex wp-container-core-columns-is-layout-9d6595d7 wp-block-columns-is-layout-flex\">\n<div class=\"wp-block-column is-layout-flow wp-block-column-is-layout-flow\" style=\"flex-basis:33.33%\">\n<h2 class=\"wp-block-heading\">Design webu<\/h2>\n<\/div>\n\n\n\n<div class=\"wp-block-column is-layout-flow wp-block-column-is-layout-flow\" style=\"flex-basis:66.66%\">\n<p>Digit\u00e1ln\u00ed prezentace je velmi d\u016fle\u017eit\u00e1 a je \u010d\u00e1st\u00ed va\u0161\u00ed firemn\u00ed identity. P\u0159izp\u016fsob\u00edme ji vzhled va\u0161eho st\u00e1vaj\u00edc\u00edho webu anebo vytvo\u0159\u00edme kompletn\u011b nov\u00fd design.<\/p>\n<\/div>\n<\/div>\n\n\n\n<div class=\"wp-block-columns is-layout-flex wp-container-core-columns-is-layout-9d6595d7 wp-block-columns-is-layout-flex\">\n<div class=\"wp-block-column is-layout-flow wp-block-column-is-layout-flow\">\n<figure class=\"wp-block-image size-large\"><img loading=\"lazy\" decoding=\"async\" width=\"1024\" height=\"804\" src=\"https:\/\/shumik.net\/wp-content\/uploads\/2022\/07\/web3-1024x804.png\" alt=\"\" class=\"wp-image-72\" srcset=\"https:\/\/shumik.net\/wp-content\/uploads\/2022\/07\/web3-1024x804.png 1024w, https:\/\/shumik.net\/wp-content\/uploads\/2022\/07\/web3-300x236.png 300w, https:\/\/shumik.net\/wp-content\/uploads\/2022\/07\/web3-768x603.png 768w, https:\/\/shumik.net\/wp-content\/uploads\/2022\/07\/web3.png 1490w\" sizes=\"auto, (max-width: 1024px) 100vw, 1024px\" \/><figcaption class=\"wp-element-caption\"><a href=\"https:\/\/www.festivalpodnebesy.cz\" target=\"_blank\" rel=\"noreferrer noopener\">Festival Pod nebesy<\/a><\/figcaption><\/figure>\n<\/div>\n\n\n\n<div class=\"wp-block-column is-layout-flow wp-block-column-is-layout-flow\">\n<figure class=\"wp-block-image size-large\"><img loading=\"lazy\" decoding=\"async\" width=\"1024\" height=\"804\" src=\"https:\/\/shumik.net\/wp-content\/uploads\/2022\/07\/web1-1024x804.png\" alt=\"\" class=\"wp-image-73\" srcset=\"https:\/\/shumik.net\/wp-content\/uploads\/2022\/07\/web1-1024x804.png 1024w, https:\/\/shumik.net\/wp-content\/uploads\/2022\/07\/web1-300x236.png 300w, https:\/\/shumik.net\/wp-content\/uploads\/2022\/07\/web1-768x603.png 768w, https:\/\/shumik.net\/wp-content\/uploads\/2022\/07\/web1.png 1490w\" sizes=\"auto, (max-width: 1024px) 100vw, 1024px\" \/><figcaption class=\"wp-element-caption\"><a href=\"https:\/\/nailproeurope.eu\" target=\"_blank\" rel=\"noreferrer noopener\">Nailpro Europe<\/a><\/figcaption><\/figure>\n\n\n\n<p><\/p>\n<\/div>\n\n\n\n<div class=\"wp-block-column is-layout-flow wp-block-column-is-layout-flow\">\n<figure class=\"wp-block-image size-large\"><img loading=\"lazy\" decoding=\"async\" width=\"1024\" height=\"804\" src=\"https:\/\/shumik.net\/wp-content\/uploads\/2024\/05\/moleeks-1024x804.jpg\" alt=\"\" class=\"wp-image-241\" srcset=\"https:\/\/shumik.net\/wp-content\/uploads\/2024\/05\/moleeks-1024x804.jpg 1024w, https:\/\/shumik.net\/wp-content\/uploads\/2024\/05\/moleeks-300x236.jpg 300w, https:\/\/shumik.net\/wp-content\/uploads\/2024\/05\/moleeks-768x603.jpg 768w, https:\/\/shumik.net\/wp-content\/uploads\/2024\/05\/moleeks.jpg 1490w\" sizes=\"auto, (max-width: 1024px) 100vw, 1024px\" \/><figcaption class=\"wp-element-caption\"><a href=\"https:\/\/moleeks.com\/language\/en\/home\/\">Moleeks<\/a><\/figcaption><\/figure>\n\n\n\n<p><\/p>\n<\/div>\n<\/div>\n\n\n\n<div style=\"height:30px\" aria-hidden=\"true\" class=\"wp-block-spacer\"><\/div>\n","protected":false},"excerpt":{"rendered":"<p>Design webu Digit\u00e1ln\u00ed prezentace je velmi d\u016fle\u017eit\u00e1 a je \u010d\u00e1st\u00ed va\u0161\u00ed firemn\u00ed identity. P\u0159izp\u016fsob\u00edme ji vzhled va\u0161eho st\u00e1vaj\u00edc\u00edho webu anebo vytvo\u0159\u00edme kompletn\u011b nov\u00fd design.<\/p>\n","protected":false},"author":1,"featured_media":0,"parent":0,"menu_order":0,"comment_status":"closed","ping_status":"closed","template":"","meta":{"neve_meta_sidebar":"","neve_meta_container":"","neve_meta_enable_content_width":"","neve_meta_content_width":0,"neve_meta_title_alignment":"","neve_meta_author_avatar":"","neve_post_elements_order":"","neve_meta_disable_header":"","neve_meta_disable_footer":"","neve_meta_disable_title":"","footnotes":""},"class_list":["post-69","page","type-page","status-publish","hentry"],"_links":{"self":[{"href":"https:\/\/shumik.net\/index.php\/wp-json\/wp\/v2\/pages\/69","targetHints":{"allow":["GET"]}}],"collection":[{"href":"https:\/\/shumik.net\/index.php\/wp-json\/wp\/v2\/pages"}],"about":[{"href":"https:\/\/shumik.net\/index.php\/wp-json\/wp\/v2\/types\/page"}],"author":[{"embeddable":true,"href":"https:\/\/shumik.net\/index.php\/wp-json\/wp\/v2\/users\/1"}],"replies":[{"embeddable":true,"href":"https:\/\/shumik.net\/index.php\/wp-json\/wp\/v2\/comments?post=69"}],"version-history":[{"count":5,"href":"https:\/\/shumik.net\/index.php\/wp-json\/wp\/v2\/pages\/69\/revisions"}],"predecessor-version":[{"id":243,"href":"https:\/\/shumik.net\/index.php\/wp-json\/wp\/v2\/pages\/69\/revisions\/243"}],"wp:attachment":[{"href":"https:\/\/shumik.net\/index.php\/wp-json\/wp\/v2\/media?parent=69"}],"curies":[{"name":"wp","href":"https:\/\/api.w.org\/{rel}","templated":true}]}}