{"id":49,"date":"2022-07-20T12:46:01","date_gmt":"2022-07-20T10:46:01","guid":{"rendered":"https:\/\/shumik.net\/?page_id=49"},"modified":"2022-08-31T17:50:22","modified_gmt":"2022-08-31T15:50:22","slug":"loga","status":"publish","type":"page","link":"https:\/\/shumik.net\/index.php\/loga\/","title":{"rendered":""},"content":{"rendered":"\n<div class=\"wp-block-columns is-layout-flex wp-container-core-columns-is-layout-9d6595d7 wp-block-columns-is-layout-flex\">\n<div class=\"wp-block-column is-layout-flow wp-block-column-is-layout-flow\" style=\"flex-basis:33.33%\">\n<h1 class=\"wp-block-heading\">Loga<\/h1>\n<\/div>\n\n\n\n<div class=\"wp-block-column is-layout-flow wp-block-column-is-layout-flow\" style=\"flex-basis:66.66%\">\n<p><\/p>\n\n\n\n<p>Mnoz\u00ed podnikatel\u00e9 se domn\u00edvaj\u00ed, \u017ee jejich firemn\u00ed logo by m\u011blo ukazovat, co d\u011blaj\u00ed. Pokud barista na sv\u00e9m logu nebude m\u00edt hrnek, jak z\u00e1kazn\u00edci poznaj\u00ed, \u017ee va\u0159\u00ed k\u00e1vu? Rozhl\u00e9dn\u011bte se kolem sebe: jak \u010dasto vid\u00edte tu\u017eku na logu design\u00e9ra nebo obr\u00e1zek Themis na logu pr\u00e1vn\u00edka? Starbucks v\u0161ak st\u00e1le prod\u00e1v\u00e1 k\u00e1vu a Apple je zn\u00e1m\u00fd sv\u00fdmi smartphony. Logo je jedn\u00edm ze zp\u016fsob\u016f, jak se st\u00e1t rozpoznateln\u00fdm, a nemus\u00ed odpov\u00eddat na ot\u00e1zku \u201eco d\u011bl\u00e1\u0161\u201c. M\u016f\u017eete to uk\u00e1zat, ani\u017e byste sv\u00e9 logo zapl\u0148ovali obr\u00e1zky z internetu. <\/p>\n<\/div>\n<\/div>\n\n\n\n<figure class=\"wp-block-gallery has-nested-images columns-default is-cropped wp-block-gallery-1 is-layout-flex wp-block-gallery-is-layout-flex\">\n<figure class=\"wp-block-image size-large\"><img loading=\"lazy\" decoding=\"async\" width=\"600\" height=\"600\" data-id=\"50\" src=\"https:\/\/shumik.net\/wp-content\/uploads\/2022\/07\/01_wowin.jpg\" alt=\"\" class=\"wp-image-50\" srcset=\"https:\/\/shumik.net\/wp-content\/uploads\/2022\/07\/01_wowin.jpg 600w, https:\/\/shumik.net\/wp-content\/uploads\/2022\/07\/01_wowin-300x300.jpg 300w, https:\/\/shumik.net\/wp-content\/uploads\/2022\/07\/01_wowin-150x150.jpg 150w\" sizes=\"auto, (max-width: 600px) 100vw, 600px\" \/><\/figure>\n\n\n\n<figure class=\"wp-block-image size-large\"><img loading=\"lazy\" decoding=\"async\" width=\"600\" height=\"600\" data-id=\"51\" src=\"https:\/\/shumik.net\/wp-content\/uploads\/2022\/07\/02_loyalist.jpg\" alt=\"\" class=\"wp-image-51\" srcset=\"https:\/\/shumik.net\/wp-content\/uploads\/2022\/07\/02_loyalist.jpg 600w, https:\/\/shumik.net\/wp-content\/uploads\/2022\/07\/02_loyalist-300x300.jpg 300w, https:\/\/shumik.net\/wp-content\/uploads\/2022\/07\/02_loyalist-150x150.jpg 150w\" sizes=\"auto, (max-width: 600px) 100vw, 600px\" \/><\/figure>\n\n\n\n<figure class=\"wp-block-image size-large\"><img loading=\"lazy\" decoding=\"async\" width=\"600\" height=\"600\" data-id=\"58\" src=\"https:\/\/shumik.net\/wp-content\/uploads\/2022\/07\/03_mypoints.jpg\" alt=\"\" class=\"wp-image-58\" srcset=\"https:\/\/shumik.net\/wp-content\/uploads\/2022\/07\/03_mypoints.jpg 600w, https:\/\/shumik.net\/wp-content\/uploads\/2022\/07\/03_mypoints-300x300.jpg 300w, https:\/\/shumik.net\/wp-content\/uploads\/2022\/07\/03_mypoints-150x150.jpg 150w\" sizes=\"auto, (max-width: 600px) 100vw, 600px\" \/><\/figure>\n\n\n\n<figure class=\"wp-block-image size-large\"><img loading=\"lazy\" decoding=\"async\" width=\"600\" height=\"600\" data-id=\"57\" src=\"https:\/\/shumik.net\/wp-content\/uploads\/2022\/07\/04_apteclub.jpg\" alt=\"\" class=\"wp-image-57\" srcset=\"https:\/\/shumik.net\/wp-content\/uploads\/2022\/07\/04_apteclub.jpg 600w, https:\/\/shumik.net\/wp-content\/uploads\/2022\/07\/04_apteclub-300x300.jpg 300w, https:\/\/shumik.net\/wp-content\/uploads\/2022\/07\/04_apteclub-150x150.jpg 150w\" sizes=\"auto, (max-width: 600px) 100vw, 600px\" \/><\/figure>\n\n\n\n<figure class=\"wp-block-image size-large\"><img loading=\"lazy\" decoding=\"async\" width=\"600\" height=\"600\" data-id=\"52\" src=\"https:\/\/shumik.net\/wp-content\/uploads\/2022\/07\/05_AMTL.jpg\" alt=\"\" class=\"wp-image-52\" srcset=\"https:\/\/shumik.net\/wp-content\/uploads\/2022\/07\/05_AMTL.jpg 600w, https:\/\/shumik.net\/wp-content\/uploads\/2022\/07\/05_AMTL-300x300.jpg 300w, https:\/\/shumik.net\/wp-content\/uploads\/2022\/07\/05_AMTL-150x150.jpg 150w\" sizes=\"auto, (max-width: 600px) 100vw, 600px\" \/><\/figure>\n\n\n\n<figure class=\"wp-block-image size-large\"><img loading=\"lazy\" decoding=\"async\" width=\"600\" height=\"600\" data-id=\"56\" src=\"https:\/\/shumik.net\/wp-content\/uploads\/2022\/07\/06_style.jpg\" alt=\"\" class=\"wp-image-56\" srcset=\"https:\/\/shumik.net\/wp-content\/uploads\/2022\/07\/06_style.jpg 600w, https:\/\/shumik.net\/wp-content\/uploads\/2022\/07\/06_style-300x300.jpg 300w, https:\/\/shumik.net\/wp-content\/uploads\/2022\/07\/06_style-150x150.jpg 150w\" sizes=\"auto, (max-width: 600px) 100vw, 600px\" \/><\/figure>\n\n\n\n<figure class=\"wp-block-image size-large\"><img loading=\"lazy\" decoding=\"async\" width=\"600\" height=\"600\" data-id=\"59\" src=\"https:\/\/shumik.net\/wp-content\/uploads\/2022\/07\/07_lesni_pozemky.jpg\" alt=\"\" class=\"wp-image-59\" srcset=\"https:\/\/shumik.net\/wp-content\/uploads\/2022\/07\/07_lesni_pozemky.jpg 600w, https:\/\/shumik.net\/wp-content\/uploads\/2022\/07\/07_lesni_pozemky-300x300.jpg 300w, https:\/\/shumik.net\/wp-content\/uploads\/2022\/07\/07_lesni_pozemky-150x150.jpg 150w\" sizes=\"auto, (max-width: 600px) 100vw, 600px\" \/><\/figure>\n\n\n\n<figure class=\"wp-block-image size-large\"><img loading=\"lazy\" decoding=\"async\" width=\"600\" height=\"600\" data-id=\"54\" src=\"https:\/\/shumik.net\/wp-content\/uploads\/2022\/07\/08_dubkul.jpg\" alt=\"\" class=\"wp-image-54\" srcset=\"https:\/\/shumik.net\/wp-content\/uploads\/2022\/07\/08_dubkul.jpg 600w, https:\/\/shumik.net\/wp-content\/uploads\/2022\/07\/08_dubkul-300x300.jpg 300w, https:\/\/shumik.net\/wp-content\/uploads\/2022\/07\/08_dubkul-150x150.jpg 150w\" sizes=\"auto, (max-width: 600px) 100vw, 600px\" \/><\/figure>\n\n\n\n<figure class=\"wp-block-image size-large\"><img loading=\"lazy\" decoding=\"async\" width=\"600\" height=\"600\" data-id=\"53\" src=\"https:\/\/shumik.net\/wp-content\/uploads\/2022\/07\/09_argohana.jpg\" alt=\"\" class=\"wp-image-53\" srcset=\"https:\/\/shumik.net\/wp-content\/uploads\/2022\/07\/09_argohana.jpg 600w, https:\/\/shumik.net\/wp-content\/uploads\/2022\/07\/09_argohana-300x300.jpg 300w, https:\/\/shumik.net\/wp-content\/uploads\/2022\/07\/09_argohana-150x150.jpg 150w\" sizes=\"auto, (max-width: 600px) 100vw, 600px\" \/><\/figure>\n\n\n\n<figure class=\"wp-block-image size-large\"><img loading=\"lazy\" decoding=\"async\" width=\"600\" height=\"600\" data-id=\"60\" src=\"https:\/\/shumik.net\/wp-content\/uploads\/2022\/07\/10_lipa.jpg\" alt=\"\" class=\"wp-image-60\" srcset=\"https:\/\/shumik.net\/wp-content\/uploads\/2022\/07\/10_lipa.jpg 600w, https:\/\/shumik.net\/wp-content\/uploads\/2022\/07\/10_lipa-300x300.jpg 300w, https:\/\/shumik.net\/wp-content\/uploads\/2022\/07\/10_lipa-150x150.jpg 150w\" sizes=\"auto, (max-width: 600px) 100vw, 600px\" \/><\/figure>\n\n\n\n<figure class=\"wp-block-image size-large\"><img loading=\"lazy\" decoding=\"async\" width=\"600\" height=\"600\" data-id=\"55\" src=\"https:\/\/shumik.net\/wp-content\/uploads\/2022\/07\/11_mad_squirell.jpg\" alt=\"\" class=\"wp-image-55\" srcset=\"https:\/\/shumik.net\/wp-content\/uploads\/2022\/07\/11_mad_squirell.jpg 600w, https:\/\/shumik.net\/wp-content\/uploads\/2022\/07\/11_mad_squirell-300x300.jpg 300w, https:\/\/shumik.net\/wp-content\/uploads\/2022\/07\/11_mad_squirell-150x150.jpg 150w\" sizes=\"auto, (max-width: 600px) 100vw, 600px\" \/><\/figure>\n\n\n\n<figure class=\"wp-block-image size-large\"><img loading=\"lazy\" decoding=\"async\" width=\"600\" height=\"600\" data-id=\"61\" src=\"https:\/\/shumik.net\/wp-content\/uploads\/2022\/07\/12_matrix_reality.jpg\" alt=\"\" class=\"wp-image-61\" srcset=\"https:\/\/shumik.net\/wp-content\/uploads\/2022\/07\/12_matrix_reality.jpg 600w, https:\/\/shumik.net\/wp-content\/uploads\/2022\/07\/12_matrix_reality-300x300.jpg 300w, https:\/\/shumik.net\/wp-content\/uploads\/2022\/07\/12_matrix_reality-150x150.jpg 150w\" sizes=\"auto, (max-width: 600px) 100vw, 600px\" \/><\/figure>\n\n\n\n<figure class=\"wp-block-image size-large\"><img loading=\"lazy\" decoding=\"async\" width=\"600\" height=\"600\" data-id=\"62\" src=\"https:\/\/shumik.net\/wp-content\/uploads\/2022\/07\/13_naprahuprahy.jpg\" alt=\"\" class=\"wp-image-62\" srcset=\"https:\/\/shumik.net\/wp-content\/uploads\/2022\/07\/13_naprahuprahy.jpg 600w, https:\/\/shumik.net\/wp-content\/uploads\/2022\/07\/13_naprahuprahy-300x300.jpg 300w, https:\/\/shumik.net\/wp-content\/uploads\/2022\/07\/13_naprahuprahy-150x150.jpg 150w\" sizes=\"auto, (max-width: 600px) 100vw, 600px\" \/><\/figure>\n\n\n\n<figure class=\"wp-block-image size-large\"><img loading=\"lazy\" decoding=\"async\" width=\"600\" height=\"600\" data-id=\"63\" src=\"https:\/\/shumik.net\/wp-content\/uploads\/2022\/07\/14_virtualniprohlidky.jpg\" alt=\"\" class=\"wp-image-63\" srcset=\"https:\/\/shumik.net\/wp-content\/uploads\/2022\/07\/14_virtualniprohlidky.jpg 600w, https:\/\/shumik.net\/wp-content\/uploads\/2022\/07\/14_virtualniprohlidky-300x300.jpg 300w, https:\/\/shumik.net\/wp-content\/uploads\/2022\/07\/14_virtualniprohlidky-150x150.jpg 150w\" sizes=\"auto, (max-width: 600px) 100vw, 600px\" \/><\/figure>\n\n\n\n<figure class=\"wp-block-image size-large\"><img loading=\"lazy\" decoding=\"async\" width=\"600\" height=\"600\" data-id=\"64\" src=\"https:\/\/shumik.net\/wp-content\/uploads\/2022\/07\/15_yogayou.jpg\" alt=\"\" class=\"wp-image-64\" srcset=\"https:\/\/shumik.net\/wp-content\/uploads\/2022\/07\/15_yogayou.jpg 600w, https:\/\/shumik.net\/wp-content\/uploads\/2022\/07\/15_yogayou-300x300.jpg 300w, https:\/\/shumik.net\/wp-content\/uploads\/2022\/07\/15_yogayou-150x150.jpg 150w\" sizes=\"auto, (max-width: 600px) 100vw, 600px\" \/><\/figure>\n<\/figure>\n\n\n\n<div style=\"height:50px\" aria-hidden=\"true\" class=\"wp-block-spacer\"><\/div>\n","protected":false},"excerpt":{"rendered":"<p>Loga Mnoz\u00ed podnikatel\u00e9 se domn\u00edvaj\u00ed, \u017ee jejich firemn\u00ed logo by m\u011blo ukazovat, co d\u011blaj\u00ed. Pokud barista na sv\u00e9m logu nebude m\u00edt hrnek, jak z\u00e1kazn\u00edci poznaj\u00ed, \u017ee va\u0159\u00ed k\u00e1vu? Rozhl\u00e9dn\u011bte se kolem sebe: jak \u010dasto vid\u00edte tu\u017eku na logu design\u00e9ra nebo obr\u00e1zek Themis na logu pr\u00e1vn\u00edka? Starbucks v\u0161ak st\u00e1le prod\u00e1v\u00e1 k\u00e1vu a Apple je zn\u00e1m\u00fd sv\u00fdmi&hellip;&nbsp;<a href=\"https:\/\/shumik.net\/index.php\/loga\/\" rel=\"bookmark\">\u010c\u00edst d\u00e1le &raquo;<span class=\"screen-reader-text\"><\/span><\/a><\/p>\n","protected":false},"author":1,"featured_media":0,"parent":0,"menu_order":0,"comment_status":"closed","ping_status":"closed","template":"","meta":{"neve_meta_sidebar":"","neve_meta_container":"","neve_meta_enable_content_width":"","neve_meta_content_width":0,"neve_meta_title_alignment":"","neve_meta_author_avatar":"","neve_post_elements_order":"","neve_meta_disable_header":"","neve_meta_disable_footer":"","neve_meta_disable_title":"","footnotes":""},"class_list":["post-49","page","type-page","status-publish","hentry"],"_links":{"self":[{"href":"https:\/\/shumik.net\/index.php\/wp-json\/wp\/v2\/pages\/49","targetHints":{"allow":["GET"]}}],"collection":[{"href":"https:\/\/shumik.net\/index.php\/wp-json\/wp\/v2\/pages"}],"about":[{"href":"https:\/\/shumik.net\/index.php\/wp-json\/wp\/v2\/types\/page"}],"author":[{"embeddable":true,"href":"https:\/\/shumik.net\/index.php\/wp-json\/wp\/v2\/users\/1"}],"replies":[{"embeddable":true,"href":"https:\/\/shumik.net\/index.php\/wp-json\/wp\/v2\/comments?post=49"}],"version-history":[{"count":12,"href":"https:\/\/shumik.net\/index.php\/wp-json\/wp\/v2\/pages\/49\/revisions"}],"predecessor-version":[{"id":224,"href":"https:\/\/shumik.net\/index.php\/wp-json\/wp\/v2\/pages\/49\/revisions\/224"}],"wp:attachment":[{"href":"https:\/\/shumik.net\/index.php\/wp-json\/wp\/v2\/media?parent=49"}],"curies":[{"name":"wp","href":"https:\/\/api.w.org\/{rel}","templated":true}]}}